{"id":2,"date":"2026-04-12T20:07:46","date_gmt":"2026-04-12T18:07:46","guid":{"rendered":"https:\/\/45.236.128.46:2083\/cwp_9d7c0e0a27b41062\/rayosyce\/rayosyce\/index.php?module=addons&#038;act=install\/?page_id=2"},"modified":"2026-04-12T22:43:06","modified_gmt":"2026-04-12T20:43:06","slug":"pagina-ejemplo-2","status":"publish","type":"page","link":"https:\/\/robotica.rayosycentellas.com\/","title":{"rendered":"Red de Rob\u00f3tica Educativa del SLEP Chilo\u00e9"},"content":{"rendered":"\n<div class=\"wp-block-stackable-columns alignwide stk-block-columns stk-block stk-ba2a540 stk-block-background\" data-block-id=\"ba2a540\"><style>.stk-ba2a540 {background-color:var(--theme-palette-color-3, #3cffef) !important;}.stk-ba2a540:before{background-color:var(--theme-palette-color-3, #3cffef) !important;}<\/style><div class=\"stk-row stk-inner-blocks stk-block-content stk-content-align stk-ba2a540-column alignwide\">\n<div class=\"wp-block-stackable-column stk-block-column stk-column stk-block stk-fc1f17a\" data-v=\"4\" data-block-id=\"fc1f17a\"><div class=\"stk-column-wrapper stk-block-column__content stk-container stk-fc1f17a-container stk--no-background stk--no-padding\"><div class=\"stk-block-content stk-inner-blocks stk-fc1f17a-inner-blocks\">\n<div class=\"wp-block-stackable-columns stk-block-columns stk-block stk-321b552\" data-block-id=\"321b552\"><div class=\"stk-row stk-inner-blocks stk-block-content stk-content-align stk-321b552-column\">\n<div class=\"wp-block-stackable-column stk-block-column stk-column stk-block stk-fdfc6cd\" data-v=\"4\" data-block-id=\"fdfc6cd\"><div class=\"stk-column-wrapper stk-block-column__content stk-container stk-fdfc6cd-container stk--no-background stk--no-padding\"><div class=\"stk-block-content stk-inner-blocks stk-fdfc6cd-inner-blocks\">\n<div class=\"wp-block-stackable-text stk-block-text stk-block stk-16944e7\" data-block-id=\"16944e7\"><style>.stk-16944e7 {margin-bottom:0px !important;}.stk-16944e7 .stk-block-text__text{font-size:var(--stk--preset--font-size--large, 30px) !important;}@media screen and (max-width:999px){.stk-16944e7 .stk-block-text__text{font-size:var(--stk--preset--font-size--large, 30px) !important;}}<\/style><p class=\"stk-block-text__text\"><strong>Bienvenidos a <\/strong><\/p><\/div>\n\n\n\n<div class=\"wp-block-stackable-heading stk-block-heading stk-block-heading--v2 stk-block stk-1563c67\" id=\"red-de-robotica-educativa-slep-chiloe\" data-block-id=\"1563c67\"><h1 class=\"stk-block-heading__text\">Red de Rob\u00f3tica Educativa &#8211; SLEP Chilo\u00e9<\/h1><\/div>\n<\/div><\/div><\/div>\n<\/div><\/div>\n\n\n\n<div class=\"wp-block-stackable-columns stk-block-columns stk-block stk-12b26e2\" data-block-id=\"12b26e2\"><div class=\"stk-row stk-inner-blocks stk-block-content stk-content-align stk-12b26e2-column\">\n<div class=\"wp-block-stackable-column stk-block-column stk-column stk-block stk-e40be59\" data-v=\"4\" data-block-id=\"e40be59\"><div class=\"stk-column-wrapper stk-block-column__content stk-container stk-e40be59-container stk--no-background stk--no-padding\"><div class=\"stk-block-content stk-inner-blocks stk-e40be59-inner-blocks\">\n<div class=\"wp-block-stackable-button-group stk-block-button-group stk-block stk-42ce8fa\" data-block-id=\"42ce8fa\"><div class=\"stk-row stk-inner-blocks stk-block-content stk-button-group\">\n<div class=\"wp-block-stackable-button stk-block-button stk-block stk-863dbdd\" data-block-id=\"863dbdd\"><style>.stk-863dbdd , .stk-863dbdd .stk-button{width:100% !important;}.stk-863dbdd {flex:1 0 var(--stk-button-group-flex-wrap, 0) !important;}<\/style><a class=\"stk-link stk-button stk--hover-effect-darken\" href=\"\"><span class=\"stk-button__inner-text\">ACCESO PLATAFORMA<\/span><\/a><\/div>\n<\/div><\/div>\n<\/div><\/div><\/div>\n\n\n\n<div class=\"wp-block-stackable-column stk-block-column stk-column stk-block stk-0ed1ff9\" data-v=\"4\" data-block-id=\"0ed1ff9\"><div class=\"stk-column-wrapper stk-block-column__content stk-container stk-0ed1ff9-container stk--no-background stk--no-padding\"><div class=\"stk-block-content stk-inner-blocks stk-0ed1ff9-inner-blocks\">\n<div class=\"wp-block-stackable-button-group stk-block-button-group stk-block stk-6c1338e\" data-block-id=\"6c1338e\"><div class=\"stk-row stk-inner-blocks stk-block-content stk-button-group\">\n<div class=\"wp-block-stackable-button stk-block-button stk-block stk-0bf159e\" data-block-id=\"0bf159e\"><style>.stk-0bf159e , .stk-0bf159e .stk-button{width:100% !important;}.stk-0bf159e {flex:1 0 var(--stk-button-group-flex-wrap, 0) !important;}<\/style><a class=\"stk-link stk-button stk--hover-effect-darken\" href=\"\"><span class=\"stk-button__inner-text\">CONOCENOS <\/span><\/a><\/div>\n<\/div><\/div>\n<\/div><\/div><\/div>\n<\/div><\/div>\n<\/div><\/div><\/div>\n\n\n\n<div class=\"wp-block-stackable-column stk-block-column stk-column stk-block stk-19bfa01\" data-v=\"4\" data-block-id=\"19bfa01\"><div class=\"stk-column-wrapper stk-block-column__content stk-container stk-19bfa01-container stk--no-background stk--no-padding\"><div class=\"stk-block-content stk-inner-blocks stk-19bfa01-inner-blocks\">\n<div class=\"wp-block-stackable-image stk-block-image stk-block stk-bc44c4d\" data-block-id=\"bc44c4d\"><style>.stk-bc44c4d .stk-img-wrapper{width:69% !important;height:435px !important;}<\/style><figure><span class=\"stk-img-wrapper stk-image--shape-stretch\"><img loading=\"lazy\" decoding=\"async\" class=\"stk-img wp-image-27\" src=\"http:\/\/robotica.rayosycentellas.com\/wp-content\/uploads\/2026\/04\/Robotica-Web-1080-x-1080-px.png\" width=\"1080\" height=\"1080\" srcset=\"https:\/\/robotica.rayosycentellas.com\/wp-content\/uploads\/2026\/04\/Robotica-Web-1080-x-1080-px.png 1080w, https:\/\/robotica.rayosycentellas.com\/wp-content\/uploads\/2026\/04\/Robotica-Web-1080-x-1080-px-300x300.png 300w, https:\/\/robotica.rayosycentellas.com\/wp-content\/uploads\/2026\/04\/Robotica-Web-1080-x-1080-px-1024x1024.png 1024w, https:\/\/robotica.rayosycentellas.com\/wp-content\/uploads\/2026\/04\/Robotica-Web-1080-x-1080-px-150x150.png 150w, https:\/\/robotica.rayosycentellas.com\/wp-content\/uploads\/2026\/04\/Robotica-Web-1080-x-1080-px-768x768.png 768w\" sizes=\"auto, (max-width: 1080px) 100vw, 1080px\" \/><\/span><\/figure><\/div>\n<\/div><\/div><\/div>\n<\/div><\/div>\n\n\n\n<div class=\"wp-block-stackable-hero stk-block-hero stk-block stk-6784517 stk-block-background is-style-default stk--has-background-overlay\" data-v=\"2\" data-block-id=\"6784517\"><style>.stk-6784517-inner-blocks{justify-content:center !important;}.stk-6784517 {background-image:url(http:\/\/robotica.rayosycentellas.com\/wp-content\/uploads\/2026\/04\/Robotica-Web-.png) !important;}.stk-6784517 .stk-block-hero__content{min-height:500px !important;align-items:center !important;display:flex !important;}<\/style><div class=\"stk-block-hero__content stk-content-align stk-6784517-column stk-container stk-6784517-container stk-hover-parent\"><div class=\"stk-block-content stk-inner-blocks has-text-align-center stk--column-flex stk-6784517-inner-blocks\">\n<div class=\"wp-block-stackable-heading stk-block-heading stk-block-heading--v2 stk-block stk-a8e8d73\" id=\"titulo-para-este-bloque\" data-block-id=\"a8e8d73\"><h2 class=\"stk-block-heading__text\">T\u00edtulo para este bloque<\/h2><\/div>\n\n\n\n<div class=\"wp-block-stackable-text stk-block-text stk-block stk-fa02a24\" data-block-id=\"fa02a24\"><p class=\"stk-block-text__text\">Descripci\u00f3n de este bloque. Utiliza este espacio para describir tu bloque. Cualquier texto es v\u00e1lido. Descripci\u00f3n de este bloque. Puedes utilizar este espacio para describir tu bloque.<\/p><\/div>\n\n\n\n<div class=\"wp-block-stackable-button-group stk-block-button-group stk-block stk-e82f0af\" data-block-id=\"e82f0af\"><div class=\"stk-row stk-inner-blocks stk-block-content stk-button-group\">\n<div class=\"wp-block-stackable-button stk-block-button stk-block stk-9b15bac\" data-block-id=\"9b15bac\"><a class=\"stk-link stk-button stk--hover-effect-darken\" href=\"\"><span class=\"stk-button__inner-text\">Bot\u00f3n<\/span><\/a><\/div>\n<\/div><\/div>\n<\/div><\/div><\/div>\n\n\n\n<div class=\"wp-block-stackable-columns stk-block-columns stk-block stk-64d3c34\" data-block-id=\"64d3c34\"><div class=\"stk-row stk-inner-blocks stk-block-content stk-content-align stk-64d3c34-column\">\n<div class=\"wp-block-stackable-column stk-block-column stk-column stk-block stk-6cec924\" data-v=\"4\" data-block-id=\"6cec924\"><div class=\"stk-column-wrapper stk-block-column__content stk-container stk-6cec924-container stk--no-background stk--no-padding\"><div class=\"stk-block-content stk-inner-blocks stk-6cec924-inner-blocks\">\n<div class=\"wp-block-stackable-carousel stk-block-carousel stk--is-slide stk--arrows-justify-space-between stk--arrows-align-center stk-block stk-912fcc4\" data-slides-to-show=\"\" data-block-id=\"912fcc4\"><div class=\"stk-block-carousel__content-wrapper\"><div class=\"stk-row stk-inner-blocks stk-block-content stk-block-carousel__slider-wrapper stk-content-align stk-912fcc4-column\"><div class=\"stk-block-carousel__slider\" role=\"list\" data-autoplay=\"4000\" data-label-slide-of=\"Slide %%d of %%d\" tabindex=\"0\">\n<div class=\"wp-block-stackable-column stk-block-column stk-column stk-block stk-f0ab190\" data-v=\"4\" data-block-id=\"f0ab190\"><div class=\"stk-column-wrapper stk-block-column__content stk-container stk-f0ab190-container stk--no-background stk--no-padding\"><div class=\"stk-block-content stk-inner-blocks stk-f0ab190-inner-blocks\"><\/div><\/div><\/div>\n\n\n\n<div class=\"wp-block-stackable-column stk-block-column stk-column stk-block stk-e40efb6\" data-v=\"4\" data-block-id=\"e40efb6\"><div class=\"stk-column-wrapper stk-block-column__content stk-container stk-e40efb6-container stk--no-background stk--no-padding\"><div class=\"stk-block-content stk-inner-blocks stk-e40efb6-inner-blocks\"><\/div><\/div><\/div>\n\n\n\n<div class=\"wp-block-stackable-column stk-block-column stk-column stk-block stk-7dc96cc\" data-v=\"4\" data-block-id=\"7dc96cc\"><div class=\"stk-column-wrapper stk-block-column__content stk-container stk-7dc96cc-container stk--no-background stk--no-padding\"><div class=\"stk-block-content stk-inner-blocks stk-7dc96cc-inner-blocks\"><\/div><\/div><\/div>\n<\/div><div class=\"stk-block-carousel__buttons\"><button class=\"stk-block-carousel__button stk-block-carousel__button__prev\" aria-label=\"Previous slide\"><svg aria-hidden=\"true\" focusable=\"false\" data-prefix=\"fas\" data-icon=\"chevron-left\" class=\"svg-inline--fa fa-chevron-left\" xmlns=\"http:\/\/www.w3.org\/2000\/svg\" viewBox=\"0 0 320 512\" width=\"32\" height=\"32\"><path d=\"M34.52 239.03L228.87 44.69c9.37-9.37 24.57-9.37 33.94 0l22.67 22.67c9.36 9.36 9.37 24.52.04 33.9L131.49 256l154.02 154.75c9.34 9.38 9.32 24.54-.04 33.9l-22.67 22.67c-9.37 9.37-24.57 9.37-33.94 0L34.52 272.97c-9.37-9.37-9.37-24.57 0-33.94z\"><\/path><\/svg><\/button><button class=\"stk-block-carousel__button stk-block-carousel__button__next\" aria-label=\"Next slide\"><svg aria-hidden=\"true\" focusable=\"false\" data-prefix=\"fas\" data-icon=\"chevron-right\" class=\"svg-inline--fa fa-chevron-right\" xmlns=\"http:\/\/www.w3.org\/2000\/svg\" viewBox=\"0 0 320 512\" width=\"32\" height=\"32\"><path d=\"M285.476 272.971L91.132 467.314c-9.373 9.373-24.569 9.373-33.941 0l-22.667-22.667c-9.357-9.357-9.375-24.522-.04-33.901L188.505 256 34.484 101.255c-9.335-9.379-9.317-24.544.04-33.901l22.667-22.667c9.373-9.373 24.569-9.373 33.941 0L285.475 239.03c9.373 9.372 9.373 24.568.001 33.941z\"><\/path><\/svg><\/button><\/div><\/div><div class=\"stk-block-carousel__dots\" role=\"list\" data-label=\"Slide %%d\"><\/div><\/div><\/div>\n\n\n\n<div class=\"wp-block-stackable-posts stk-block-posts stk-block stk-1ce8b18 is-style-default\" data-v=\"2\" data-block-id=\"1ce8b18\"><style>.stk-1ce8b18 .stk-img-wrapper{width:100% !important;}<\/style><div class=\"stk-inner-blocks stk-content-align stk-1ce8b18-column\"><div class=\"stk-block-posts__items\"><div class=\"stk-block-posts__item\"><div class=\"stk-container stk-1ce8b18-container stk--no-background stk--no-padding\"><article><h3 class=\"stk-block-posts__title\"><a href='https:\/\/robotica.rayosycentellas.com\/?p=4'>\u00a1Hola, mundo!<\/a><\/h3><a href=\"https:\/\/robotica.rayosycentellas.com\/?p=4\" class=\"stk-block-posts__image-link\"><\/a><div class=\"stk-block-posts__meta stk-subtitle\"><span>admin<\/span><span class=\"stk-block-posts__meta-sep\">\u00b7<\/span><time datetime=\"2026-04-12T20:07:50+02:00\">12 de abril de 2026<\/time><span class=\"stk-block-posts__meta-sep\">\u00b7<\/span><span>1 comentario<\/span><\/div><div class=\"stk-block-posts__category stk-subtitle\">Sin categor\u00eda<\/div><div class=\"stk-block-posts__excerpt\"><p>Te damos la bienvenida a WordPress. Esta es tu primera entrada. Ed\u00edtala o b\u00f3rrala, \u00a1luego empieza a escribir!<\/p>\n<\/div><a class=\"stk-block-posts__readmore\" href=\"https:\/\/robotica.rayosycentellas.com\/?p=4\">Seguir leyendo<\/a><\/article><\/div><\/div><div class=\"stk-block-posts__item\"><div class=\"stk-container stk-1ce8b18-container stk--no-background stk--no-padding\"><article><h3 class=\"stk-block-posts__title\"><a href='https:\/\/robotica.rayosycentellas.com\/?p=1'>\u00a1Hola, mundo!<\/a><\/h3><a href=\"https:\/\/robotica.rayosycentellas.com\/?p=1\" class=\"stk-block-posts__image-link\"><\/a><div class=\"stk-block-posts__meta stk-subtitle\"><span>admin<\/span><span class=\"stk-block-posts__meta-sep\">\u00b7<\/span><time datetime=\"2026-04-12T20:07:46+02:00\">12 de abril de 2026<\/time><span class=\"stk-block-posts__meta-sep\">\u00b7<\/span><span>1 comentario<\/span><\/div><div class=\"stk-block-posts__category stk-subtitle\"><a href=\"https:\/\/robotica.rayosycentellas.com\/?cat=1\" rel=\"category\">Sin categor\u00eda<\/a><\/div><div class=\"stk-block-posts__excerpt\"><p>Te damos la bienvenida a WordPress. Esta es tu primera entrada. Ed\u00edtala o b\u00f3rrala, \u00a1luego empieza a escribir!<\/p>\n<\/div><a class=\"stk-block-posts__readmore\" href=\"https:\/\/robotica.rayosycentellas.com\/?p=1\">Seguir leyendo<\/a><\/article><\/div><\/div><\/div><div class=\"stk-inner-blocks\"><\/div><\/div><\/div>\n<\/div><\/div><\/div>\n<\/div><\/div>\n\n\n\n<div class=\"wp-block-stackable-columns stk-block-columns stk-block stk-b7ad8c2\" data-block-id=\"b7ad8c2\"><div class=\"stk-row stk-inner-blocks stk-block-content stk-content-align stk-b7ad8c2-column\">\n<div class=\"wp-block-stackable-column stk-block-column stk-column stk-block stk-5e8edc9\" data-v=\"4\" data-block-id=\"5e8edc9\"><div class=\"stk-column-wrapper stk-block-column__content stk-container stk-5e8edc9-container stk--no-background stk--no-padding\"><div class=\"stk-block-content stk-inner-blocks stk-5e8edc9-inner-blocks\"><\/div><\/div><\/div>\n<\/div><\/div>\n","protected":false},"excerpt":{"rendered":"<p>Bienvenidos a Red de Rob\u00f3tica Educativa &#8211; SLEP Chilo\u00e9 ACCESO PLATAFORMA CONOCENOS T\u00edtulo para este bloque Descripci\u00f3n de este bloque. Utiliza este espacio para describir tu bloque. Cualquier texto es v\u00e1lido. Descripci\u00f3n de este bloque. Puedes utilizar este espacio para describir tu bloque. Bot\u00f3n \u00a1Hola, mundo! admin\u00b712 de abril de 2026\u00b71 comentario Sin categor\u00eda Te [&hellip;]<\/p>\n","protected":false},"author":1,"featured_media":0,"parent":0,"menu_order":0,"comment_status":"closed","ping_status":"open","template":"","meta":{"_eb_attr":"","_joinchat":[],"footnotes":""},"class_list":["post-2","page","type-page","status-publish","hentry"],"blocksy_meta":[],"_links":{"self":[{"href":"https:\/\/robotica.rayosycentellas.com\/index.php?rest_route=\/wp\/v2\/pages\/2","targetHints":{"allow":["GET"]}}],"collection":[{"href":"https:\/\/robotica.rayosycentellas.com\/index.php?rest_route=\/wp\/v2\/pages"}],"about":[{"href":"https:\/\/robotica.rayosycentellas.com\/index.php?rest_route=\/wp\/v2\/types\/page"}],"author":[{"embeddable":true,"href":"https:\/\/robotica.rayosycentellas.com\/index.php?rest_route=\/wp\/v2\/users\/1"}],"replies":[{"embeddable":true,"href":"https:\/\/robotica.rayosycentellas.com\/index.php?rest_route=%2Fwp%2Fv2%2Fcomments&post=2"}],"version-history":[{"count":4,"href":"https:\/\/robotica.rayosycentellas.com\/index.php?rest_route=\/wp\/v2\/pages\/2\/revisions"}],"predecessor-version":[{"id":34,"href":"https:\/\/robotica.rayosycentellas.com\/index.php?rest_route=\/wp\/v2\/pages\/2\/revisions\/34"}],"wp:attachment":[{"href":"https:\/\/robotica.rayosycentellas.com\/index.php?rest_route=%2Fwp%2Fv2%2Fmedia&parent=2"}],"curies":[{"name":"wp","href":"https:\/\/api.w.org\/{rel}","templated":true}]}}